-9*t + 55623 = y + 1786. List the prime factors of t.
5981
Let w = 705 - 2420. Let k = 3034 + w. What are the prime factors of k?
1319
Let t(d) = -d**2 + 23*d - 21. Let i(y) = y. Let a be i(0). Let b(m) = m**2 + 17. Let w be b(a). List the prime factors of t(w).
3
Let v(k) = -k**2 + 84*k + 1148. Let l be v(96). Let t(b) be the third derivative of -b**4/4 - 5*b**3/6 + b**2. What are the prime factors of t(l)?
19
Let v(b) be the second derivative of 5/6*b**3 + 0 - 12*b + 1/6*b**4 + 6*b**2. List the prime factors of v(-5).
37
Let q(y) = 2*y**2 - 13*y - 6. Suppose 13*t - 27 - 25 = 0. Suppose t*u = -24 + 76. List the prime factors of q(u).
163
Let f(u) = 1637*u - 16664. What are the prime factors of f(44)?
2, 13841
Suppose 0 = -8*s - 29 - 11. Let u(z) = -6 - 9 - 10 - 44*z + 9*z. List the prime factors of u(s).
2, 3, 5
Suppose -6*j = -d - j + 940, -4*j - 8 = 0. What are the prime factors of d?
2, 3, 5, 31
List the prime factors of 1661 - (33/(-15) - (-144)/120).
2, 3, 277
Suppose 151174 = 69*n - 67*n - 4*a, -3*n = 3*a - 226743. List the prime factors of n.
75583
Suppose 37*s - 13860 = 9*s. Let w = s - 426. List the prime factors of w.
3, 23
Suppose -26080 = -35*w + 25*w. List the prime factors of w.
2, 163
Let s(f) = -19*f**3 - 15*f**2 - 40*f - 10. What are the prime factors of s(-5)?
2, 3, 5, 73
What are the prime factors of (-2115)/(-1175) + (-129342)/(-10)?
2, 3, 7, 11
Suppose 34*p - 37554 - 65416 - 91408 = 0. What are the prime factors of p?
5717
Let n(t) = -11*t**3 + 8 + 7*t**2 + 4*t**3 + 7*t + 4*t**3 + 2*t**3. Let p be n(8). List the prime factors of (-11)/((-1 - p)/2).
2, 11
Suppose h - 1304 = -2*j, 0 = 5*h + 4*j - 4336 - 2160. Suppose -4*u = -4*l + h, -4*l - 8*u + 5*u = -1324. What are the prime factors of l?
2, 41
Let l be 154/33*6/14. Let u(g) = 188*g**2 + 18*g - 38. List the prime factors of u(l).
2, 3, 5
Suppose 0 = 86*w - 219*w + 85120. What are the prime factors of w?
2, 5
Let h(g) = g**3 - 35*g**2 + 44*g - 268. List the prime factors of h(38).
2, 3, 239
Let t(d) = 12*d - 70. Let u be ((-23)/(-46))/(-1 - (-13)/12). Let p be t(u). Suppose 2*i = -i - f + 85, -4*i - p*f + 110 = 0. List the prime factors of i.
2, 3, 5
Let y(k) = -6*k**3 - 4*k**2 + 24*k + 7. Let s be y(6). Let j = -736 - s. List the prime factors of j.
7, 79
Let n(j) = -4747*j**3 + 48*j + 47. What are the prime factors of n(-1)?
2, 3, 7, 113
Let l = -581 - -409. Let x = 65 - l. What are the prime factors of x?
3, 79
List the prime factors of (50/105 - (-12)/(-9))*(-1497 + -1).
2, 3, 107
Let i(c) = 75*c - 8. Let v be i(5). Let h = v - 187. List the prime factors of h.
2, 3, 5
Suppose 0 = 4004*m - 4019*m + 1399980. What are the prime factors of m?
2, 23333
What are the prime factors of (-28)/182 + (-456015)/(-91)?
5011
Suppose -3*w + 22*x + 42736 = 26*x, -2*w - 3*x = -28492. What are the prime factors of w?
2, 5, 89
Let k(s) = -s**3 + 6*s**2 + 3*s. Let a be k(6). Let j be 57/a - 1/6. List the prime factors of ((-270)/40)/(j/(-16)).
2, 3
Let w be -4 + 6 + -6 + 6. Suppose -4*f + j + 466 = -w*f, 2*f + 4*j - 486 = 0. What are the prime factors of f?
5, 47
Suppose -1657*j + 1662*j + 24976 = 4*k, 4*j = -2*k + 12488. List the prime factors of k.
2, 7, 223
Suppose 93*l - 4 = 92*l. Suppose -l*a = -5*y + 13, 3*a + 11 = 3*y + y. Suppose 0 = -5*v + 5, -y*v + 187 = j - 0*v. What are the prime factors of j?
2, 7, 13
Let i = 1721 - -21409. List the prime factors of i.
2, 3, 5, 257
Let c = 2138 + -720. Suppose -19*h + c + 2135 = 0. What are the prime factors of h?
11, 17
Let u be (-22)/(-154) - 23096/(-28). Let j = u + 381. List the prime factors of j.
2, 3, 67
Suppose 0 = -15*r + 80*r - 177255. List the prime factors of r.
3, 101
Let q = 11630 - 299. List the prime factors of q.
3, 1259
Let l(t) = 1869*t + 3292. List the prime factors of l(19).
38803
Let o(i) = 47*i**2 + 5*i + 8. Let w be o(5). Suppose 3*h - 826 = -4*p + w, p - h - 512 = 0. Suppose -15*l = -9*l - p. What are the prime factors of l?
5, 17
Let w = 400 + -574. Let j be 1/(-3) - (-1967)/(-21). Let h = j - w. What are the prime factors of h?
2, 5
Let d be (8/(-14) - (-22)/14)*-79. Let j = -109 - d. Let i = j + 177. What are the prime factors of i?
3, 7
Let g = -4776 + 9423. What are the prime factors of g?
3, 1549
Let r(p) = p**2 + 2*p - 61. Let w = -46 + 62. What are the prime factors of r(w)?
227
Let f(n) = n**3 - 2*n**2 + 3*n - 2. Let p be f(2). Let h be (-1)/p + -2*141/24. List the prime factors of h/(-15) + 243/15.
17
Let y(p) be the first derivative of 94*p**3/3 + 13*p**2/2 - 22*p + 109. List the prime factors of y(2).
2, 5, 19
Suppose x - 4*x + x = 0. Let s(q) = -q**2 + 394. Let p be s(x). Suppose -3*f = 2*u + 3*u - p, -3*f - 299 = -4*u. What are the prime factors of u?
7, 11
Suppose -8*i + 3*i = -10. Suppose i*b = 1038 + 140. List the prime factors of b.
19, 31
Suppose -18*f - 10 = -23*f. Let c be f/((-223)/(-74) + -3). Suppose -4*o = 4*h - c, -3*h = -o + 5 - 104. What are the prime factors of h?
2, 17
Let c(h) = -56 - 2*h**2 + 12041*h + 3*h**2 - 12067*h. List the prime factors of c(-16).
2, 7, 11
Suppose -3*l = 4*x - 5560, -4*x = -264*l + 263*l + 1848. List the prime factors of l.
2, 463
Let h(s) = -s**2 + 5*s - 2. Let m be h(4). Suppose 0 = 2*f - j + 2*j - 86, -m*f - 3*j = -94. What are the prime factors of 16 + f - (-1 - 0)?
2, 29
Suppose 2*k = -2*k. Suppose -3*p + 7*p = k. Let g(b) = b**3 - b**2 - 2*b + 77. List the prime factors of g(p).
7, 11
Suppose -22*i = -19*i. Suppose 6*b - 298 - 1274 = i. Suppose 0 = 9*g - b - 584. What are the prime factors of g?
2, 47
Let t(c) be the first derivative of 7*c**3/3 - 2*c**2 + 2*c - 33. Let d be t(1). Suppose 0 = -d*w - 4*w + 630. What are the prime factors of w?
2, 5, 7
Let r(q) = 4*q**3 + 3*q**2 - 3*q - 9. Let y be r(-6). List the prime factors of (-6 - y)*((-2)/(-3) + 1).
5, 13, 19
Suppose 318*k = 287*k - 31. Let b(c) = -357*c + 2. Let g(n) = 119*n - 1. Let o(j) = 4*b(j) + 11*g(j). What are the prime factors of o(k)?
2, 29
Let t = 62756 + 22525. What are the prime factors of t?
3, 7, 31, 131
Suppose 9*q = 2841 + 4071. Let b = q - 148. What are the prime factors of b?
2, 5, 31
What are the prime factors of (-189105696)/(-8424) - (14/18 - (-2)/(-6))?
2, 23, 61
Suppose -4*o + o + 12 = 0, 4*o = -3*l + 181. Let n = -50 + l. Suppose -3*z + 8 = v - 5*z, -88 = -n*v - 2*z. List the prime factors of v.
2
Suppose 0 = 3*i - 1 - 5. Suppose -52 - 116 = -i*s. Suppose -4*w + g = -92, 2*g = 4*w - g - s. List the prime factors of w.
2, 3
Let y = -930 - -313. Let h = -379 - y. List the prime factors of h.
2, 7, 17
Suppose -2*q + 16835 - 3855 = -2*x, -13004 = -2*q - 4*x. What are the prime factors of q?
2, 17, 191
Let i(o) = -o**2 - 6*o - 27. Let t(u) = 2*u**2 + 11*u + 55. Let n(z) = 7*i(z) + 3*t(z). Let v be n(-5). What are the prime factors of -3 + (v/1 - -1) + 55?
7
Suppose -9 = -3*y - 6. Let d be 10/(-55) + (y - 48/(-22)). Suppose 0*u = -d*a + 5*u + 193, -2*a = 2*u - 118. List the prime factors of a.
61
Let b(c) = c**3 - 66 + 69 - 4*c + c + 32*c**2. Let s(m) = -m**3 - 31*m**2 + 3*m - 4. Let l(r) = -5*b(r) - 6*s(r). List the prime factors of l(-26).
3, 29
Let u(c) = 6*c + 4 - 3*c**2 + 0*c**2 + 4*c**2. Let v be u(-4). List the prime factors of 4640/75 + v/(-30).
2, 31
Let o(r) = 564*r**2 + 77*r - 544. List the prime factors of o(6).
2, 10111
Suppose -305989 = -10*q - 43159. What are the prime factors of q?
3, 8761
Suppose -6*h + 126 = -3*h. Let q = 16 - h. What are the prime factors of (-4)/26 - 1148/q?
2, 11
Let s(p) = -15 + 3*p - 11 + 15 + 20*p**3 - 10 - 4*p**2 - 4*p**3. What are the prime factors of s(4)?
3, 317
What are the prime factors of (-1 - 0/3)*26964/(-7)?
2, 3, 107
Suppose 210*x - 174*x + 38530 = 510382. What are the prime factors of x?
3, 17, 257
Let j(x) = -2*x**3 + 4*x**2 + 14*x + 36. Let t be j(-4). Let k = t + 39. What are the prime factors of k?
211
Suppose 0 = 7*v + 2165 + 649. Let p = v + 433. List the prime factors of p.
31
Suppose z - 10 = -z. Suppose f = z*u - 27, -2*f + 12 = u - 0*f. What are the prime factors of 2/u + (-6)/(-9) + 13?
2, 7
Suppose 0 = a + 2 - 5. Let j = -151 - -152. What are the prime factors of (j/a)/(2/234)?
3, 13
Let g(l) be the first derivative of -25*l**3/6 - 18*l**2 - 17*l - 17. Let r(q) be the first derivative of g(q). What are the prime fa